n base 15?
1c0
Convert -194f (base 16) to base 5.
-201404
What is 105401 (base 7) in base 2?
100100100011111
-1103 (base 5) to base 9
-180
What is 10ec (base 16) in base 11?
3289
-100110111010101 (base 2) to base 4
-10313111
What is 828 (base 9) in base 4?
22202
What is 3100 (base 8) in base 7?
4444
Convert -5b1 (base 14) to base 13.
-694
What is 25215 (base 7) in base 4?
1213203
1 (base 12) to base 14
1
Convert -54a (base 16) to base 4.
-111022
What is 12b1d (base 14) in base 8?
132007
Convert -2a05 (base 16) to base 6.
-121445
-10ae (base 16) to base 10
-4270
Convert -202213 (base 4) to base 14.
-b43
Convert 11012 (base 4) to base 16.
146
314 (base 6) to base 4
1312
Convert -1332 (base 6) to base 7.
-1001
What is -26642 (base 7) in base 3?
-100212002
-22051 (base 7) to base 10
-5524
3101 (base 4) to base 5
1314
Convert -22724 (base 8) to base 16.
-25d4
Convert -10022011 (base 3) to base 2.
-100101100111
What is -d2a7 (base 14) in base 2?
-1000110101110011
-287 (base 14) to base 6
-2211
Convert -1010 (base 10) to base 14.
-522
What is 4c4 (base 14) in base 7?
2534
Convert 2542 (base 10) to base 14.
cd8
What is 31125 (base 6) in base 13?
1b7a
Convert -20132 (base 5) to base 2.
-10100001100
What is 19083 (base 13) in base 15?
e546
Convert -232 (base 4) to base 9.
-51
What is -18880 (base 10) in base 9?
-27807
Convert -1110323 (base 4) to base 7.
-21563
What is 52715 (base 8) in base 10?
21965
-20020 (base 4) to base 8
-1010
-5045 (base 6) to base 13
-674
Convert 52a (base 12) to base 15.
354
What is 360 (base 7) in base 10?
189
Convert -87 (base 13) to base 11.
-a1
3973 (base 11) to base 16
142a
-102201 (base 4) to base 9
-1556
2013 (base 7) to base 16
2b8
-640 (base 10) to base 5
-10030
What is -110201001 (base 3) in base 4?
-2100232
What is -7ff (base 16) in base 7?
-5653
What is 100323 (base 4) in base 14?
575
What is 113441 (base 6) in base 3?
111120021
604 (base 16) to base 11
1180
Convert -4714 (base 8) to base 12.
-1550
What is 4431 (base 6) in base 13?
610
418c (base 13) to base 4
2031301
What is -2775 (base 8) in base 9?
-2083
What is -647 (base 10) in base 15?
-2d2
Convert 2022201 (base 4) to base 3.
110011100
Convert -de5 (base 16) to base 11.
-2744
-34024 (base 6) to base 3
-20112121
Convert 30310 (base 5) to base 6.
13015
What is -10871 (base 10) in base 14?
-3d67
Convert -22607 (base 11) to base 10.
-32677
1b7 (base 12) to base 3
101111
1312 (base 5) to base 16
cf
What is -126 (base 16) in base 2?
-100100110
What is -d5b1 (base 15) in base 12?
-2217a
2466 (base 9) to base 3
2112020
5c (base 13) to base 11
70
What is 11402 (base 6) in base 13?
9a7
What is 43f (base 16) in base 7?
3112
Convert 1205 (base 7) to base 10.
446
324 (base 7) to base 13
c9
What is -25e (base 16) in base 8?
-1136
What is 207 (base 8) in base 2?
10000111
Convert 32a8 (base 11) to base 12.
2629
What is -737 (base 11) in base 4?
-31313
What is -1560 (base 12) in base 5?
-40040
1697b (base 13) to base 12
2111a
What is -ca2 (base 13) in base 9?
-2860
Convert 3177 (base 8) to base 16.
67f
What is 19 (base 14) in base 8?
27
Convert 11111011001010 (base 2) to base 4.
3323022
-150 (base 16) to base 7
-660
-355 (base 16) to base 6
-3541
1110011001101 (base 2) to base 5
213443
-3953 (base 13) to base 9
-12188
1000 (base 5) to base 8
175
Convert 5464 (base 12) to base 8.
22114
Convert -35333 (base 6) to base 4.
-1033221
Convert 617a (base 11) to base 14.
2db4
Convert -a597 (base 11) to base 8.
-33305
What is -1000101 (base 4) in base 12?
-2469
-1512 (base 7) to base 12
-419
What is 30111 (base 4) in base 16?
315
Convert -24d6 (base 16) to base 12.
-555a
-111101011001101 (base 2) to base 6
-401313
What is -72587 (base 9) in base 6?
-1005341
c4e (base 15) to base 12
1732
6c4 (base 14) to base 3
1211221
What is 326 (base 14) in base 16?
26e
Convert -153 (base 8) to base 15.
-72
-660 (base 9) to base 8
-1034
159b (base 15) to base 7
16355
What is 3124 (base 8) in base 11?
1243
-110422 (base 5) to base 7
-14155
What is 523 (base 7) in base 2?
100000110
Convert aa (base 14) to base 3.
12120
-14d0 (base 16) to base 6
-40400
What is 22585 (base 9) in base 2?
11101011010110
What is -2844a (base 13) in base 3?
-10211110221
What is 164a (base 12) in base 6?
20134
-21044 (base 9) to base 3
-201001111
What is -1001011111100100 (base 2) in base 4?
-21133210
b3c4 (base 14) to base 4
13203200
Convert 687 (base 10) to base 6.
3103
Convert -4170 (base 11) to base 14.
-2026
Convert 16302 (base 11) to base 10.
22992
Convert 9347 (base 13) to base 4.
10331303
What is -114164 (base 7) in base 11?
-14596
1596 (base 10) to base 12
b10
-2110222 (base 5) to base 6
-430154
Convert -329a (base 11) to base 3.
-12221220
Convert a12 (base 12) to base 8.
2656
Convert 1042 (base 7) to base 5.
2443
10001110011 (base 2) to base 9
1505
Convert -11332 (base 7) to base 3.
-10222221
-6144 (base 11) to base 5
-230110
What is 2a42 (base 13) in base 16?
17fa
-29f5 (base 16) to base 5
-320431
What is -3068 (base 12) in base 3?
-21012222
What is -a223 (base 12) in base 6?
-213243
61b (base 14) to base 7
3334
Convert -1023 (base 5) to base 4.
-2022
What is -510 (base 6) in base 7?
-354
-10bd (base 14) to base 7
-11326
c25 (base 14) to base 5
34020
Convert -1001001000 (base 2) to base 6.
-2412
-110650 (base 8) to base 3
-1220011001
-4314 (base 5) to base 7
-1463
Convert -15711 (base 8) to base 5.
-211423
270 (base 10) to base 7
534
What is -1386 (base 9) in base 4?
-100122
Convert 100001 (base 4) to base 3.
1101222
4aac (base 16) to base 9
28200
-2210 (base 11) to base 6
-21255
Convert 12b7 (base 14) to base 16.
ce1
What is 61975 (base 10) in base 7?
345454
Convert 21101 (base 5) to base 16.
579
What is 103550 (base 6) in base 11?
653a
Convert 16b5 (base 14) to base 9.
5532
Convert -1011101 (base 3) to base 15.
-3b7
Convert 33033 (base 4) to base 16.
3cf
Convert -26661 (base 7) to base 9.
-10776
-310025 (base 6) to base 4
-12001001
What is 111112 (base 3) in base 14?
1c1
-3640 (base 9) to base 3
-10201100
What is -2462 (base 12) in base 15?
-133b
50634 (base 7) to base 6
133020
-112101201 (base 3) to base 10
-10495
What is bce9 (base 16) in base 2?
1011110011101001
-1198 (base 10) to base 7
-3331
What is 7533 (base 10) in base 2?
1110101101101
Convert -10036 (base 7) to base 8.
-4574
What is 2636 (base 9) in base 3?
2201020
4838 (base 10) to base 7
20051
Convert -497 (base 11) to base 13.
-365
Convert 9092 (base 12) to base 10.
15662
Convert -a9d (base 14) to base 7.
-6056
What is -114210 (base 5) in base 3?
-12220110
Convert 20200020 (base 4) to base 8.
104010
What is 335434 (base 6) in base 14?
a530
What is -1200101 (base 3) in base 5?
-14400
-a21 (base 16) to base 15
-b7d
-13004 (base 5) to base 9
-1335
Convert -62 (base 11) to base 14.
-4c
-2214 (base 5) to base 9
-373
-203032 (base 4) to base 2
-100011001110
-33b (base 16) to base 15
-3a2
Convert 716 (base 12) to base 3.
1102000
23423 (base 5) to base 15
7ad
Convert 100111101100 (base 2) to base 10.
2540
What is -401 (base 6) in base 12?
-101
-1100110010010 (base 2) to base 5
-202141
Convert 1002200 (base 3) to base 6.
3413
-202425 (base 6) to base 8
-37421
122 (base 13) to base 14
101
Convert 105032 (base 7) to base 11.
12a2a
What is 1001011110 (base 2) in base 4?
21132
-18b8 (base 13) to base 12
-2184
Convert 433 (base 10) to base 14.
22d
Convert -10051 (base 7) to base 4.
-212011
-21059 (base 14) to base 10
-79655
1221 (base 4) to base 10
105
Convert 4ce3 (base 16) to base 5.
1112213
Convert 10000 (base 4) to base 6.
1104
-132122 (base 4) to base 2
-11110011010
Convert -14912 (base 13) to base 14.
-10257
41151 (base 6) to base 7
21640
What is -302 (base 13) in base 2?
-111111101
-2014423 (base 5) to base 7
-163501
What is 1071 (base 14) in base 9?
3808
13311323 (base 4) to base 16
7d7b
Convert -5ab (base 12) to base 4.
-31103
Convert 320 (base 7) to base 4.
2201
Convert 3586 (base 10) to base 2.
111000000010
16905 (base 13) to base 2
1010100100000101
Convert -5211 (base 12) to base 2.
-10001011101101
Convert 321 (base 10) to base 16.
141
What is -420142 (base 5) in base 2?
-11010111100101
Convert -1101011111001 (base 2) to base 3.
-100110202
-1034 (base 7) to base 3
-111122
What is 56ed (base 15) in base 5?
1042243
-1ba9 (base 15) to base 3
-22020120
